-b**2 - 7*b + 103. What is h(-17)?
-67
Let x(v) = 111*v + 2820. Give x(-25).
45
Let t(j) = -1141*j - 2339. Calculate t(-2).
-57
Let u(z) = 13*z**2 - 887*z + 195. Determine u(68).
-9
Let s(p) = 73*p**2 + 3651*p + 36. Determine s(-50).
-14
Let f(a) = 57*a**2 + 2*a. Calculate f(-1).
55
Let o(y) = -y**3 + 10*y**2 + 16*y - 36. What is o(11)?
19
Let o(u) = 2*u**2 - 109*u + 53. Determine o(54).
-1
Let x(f) = -f**2 - 45*f + 144. Determine x(-49).
-52
Let p(m) = 54*m + 1961. Determine p(-36).
17
Let c(x) = -x**2 + 24*x + 71. Determine c(26).
19
Let z(q) = 8*q + 50. What is z(-16)?
-78
Let q(y) = -50*y - 181. Give q(-6).
119
Let i(z) = -15*z**3 - 2*z**2 - 5*z + 5. Determine i(2).
-133
Let l(c) = -2*c**3 + 4*c**2 - 55*c + 1. Determine l(6).
-617
Let g(y) = -3*y**3 - 3*y**2 - 2*y + 6. Determine g(-2).
22
Let r(s) = 17*s**2 + 184*s - 1051. Give r(6).
665
Let q(n) = -38*n - 709. What is q(-16)?
-101
Let z(f) = 8*f**2 - 2250*f + 562. Give z(281).
0
Let h(u) = -162*u - 810. Determine h(-5).
0
Let w(k) = -2*k**3 - 7*k**2 + 6*k - 40. Calculate w(-5).
5
Let c(l) = l**3 - 28*l**2 + 69*l + 275. What is c(25)?
125
Let z(i) = -37*i + 396. Calculate z(11).
-11
Let y(t) = 6*t + 49. Give y(-13).
-29
Let y(z) = -2394*z - 126885. Determine y(-53).
-3
Let m(h) = 5*h**2 - 51*h + 110. Calculate m(7).
-2
Let z(i) = 104*i + 953. What is z(-9)?
17
Let k(p) = -p**3 - 30*p**2 + 113*p - 9. Calculate k(3).
33
Let n(j) = 2*j**3 - 105*j**2 - 48*j - 271. Give n(53).
-6
Let l(f) = f**3 - 9*f**2 - 45*f + 186. Calculate l(12).
78
Let o(y) = 119*y + 2746. What is o(-23)?
9
Let p(v) = 44*v**2 + 429*v - 140. Calculate p(-10).
-30
Let j(y) = -14*y**2 + 605*y - 602. What is j(1)?
-11
Let b(t) = -t**3 - 3*t**2 + 9*t - 5. What is b(-8)?
243
Let g(x) = 101*x + 1623. What is g(-16)?
7
Let k(q) = -194*q + 973. What is k(5)?
3
Let b(y) = -166*y - 639. Determine b(-5).
191
Let u(l) = -2*l**3 - 6*l**2 + 60*l + 180. Determine u(-3).
0
Let v(m) = 4*m**2 - 79*m - 9. Determine v(20).
11
Let j(i) = -3*i**3 + 119*i**2 + 29*i + 671. Give j(40).
231
Let b(w) = w**2 + 3*w + 6. Calculate b(-5).
16
Let j(h) = 7*h**3 + 80*h**2 + 214*h - 15. Calculate j(-7).
6
Let d(g) = 118*g + 9231. What is d(-80)?
-209
Let d(s) = -11484*s - 34448. Calculate d(-3).
4
Let n(m) = -m**3 + 8*m**2 - 8*m + 8. What is n(7)?
1
Let t(i) = -i**3 + 3*i**2 + 94*i + 191. Give t(12).
23
Let c(y) = -y**3 - 25*y**2 - 38*y + 75. Calculate c(-23).
-109
Let w(l) = -l**3 - 6*l**2 - 4*l + 19. Determine w(-4).
3
Let f(i) = -2*i**3 - 156*i**2 - 156*i - 131. Determine f(-77).
23
Let b(r) = -3*r**2 + 42*r - 30. Calculate b(13).
9
Let f(t) = t**2 + 66*t + 239. Calculate f(-55).
-366
Let l(h) = 163*h - 913. Give l(5).
-98
Let v(f) = -f**2 - 11*f + 87. Calculate v(14).
-263
Let i(t) = -30*t - 12. Determine i(-14).
408
Let f(v) = -2*v**3 - 30*v**2 - 26*v + 20. Determine f(-14).
-8
Let b(r) = -r**3 + 31*r**2 - 87*r + 25. Give b(28).
-59
Let q(h) = 39*h**2 + 6*h - 8. What is q(1)?
37
Let z(a) = 10*a**2 + 45*a + 140. Determine z(-5).
165
Let d(h) = -h**3 - 29*h**2 - 82*h - 330. What is d(-27)?
426
Let z(d) = -16*d - 357. What is z(-25)?
43
Let a(g) = -2*g - 203. What is a(-44)?
-115
Let z(i) = -i**3 - 67*i**2 + 13*i + 728. Calculate z(-67).
-143
Let l(s) = s**3 + 42*s**2 - 27*s + 692. Give l(-43).
4
Let k(z) = -2*z**2 - 302*z - 876. Give k(-148).
12
Let u(v) = v**2 - 54*v - 2193. Give u(-27).
-6
Let n(j) = -39*j - 166. Give n(-15).
419
Let j(p) = -p**2 + 7*p - 16. Determine j(-11).
-214
Let n(q) = q**3 - 5*q**2 - 20*q + 135. Give n(5).
35
Let t(x) = 2*x**3 + 10*x**2 - 6*x - 22. Determine t(-6).
-58
Let q(m) = 2323*m - 11572. Give q(5).
43
Let x(g) = g**3 - 19*g**2 - 141*g + 52. Give x(-6).
-2
Let q(a) = -115*a - 18. Calculate q(1).
-133
Let d(c) = -c**3 + 73*c**2 - 3*c + 111. Determine d(73).
-108
Let z(u) = 2*u**3 + 11*u**2 - 6*u - 62. Calculate z(-3).
1
Let o(h) = 14*h**2 + 98*h + 61. Determine o(-6).
-23
Let x(m) = -3*m**2 - 87*m + 459. Give x(5).
-51
Let x(u) = u**2 - 9*u - 126. Calculate x(17).
10
Let i(r) = 4*r**2 + 288*r - 307. What is i(-73)?
-15
Let s(l) = l**2 + 713*l - 16888. Determine s(23).
40
Let s(a) = a**3 - 8*a**2 + 9*a + 5. Give s(9).
167
Let h(c) = 8*c + 183. Determine h(-16).
55
Let o(v) = -18*v**2 + 864*v + 8. Determine o(48).
8
Let c(u) = 635*u - 6344. Calculate c(10).
6
Let f(q) = -19*q**2 + 152*q - 36. Calculate f(7).
97
Let w(o) = 36*o - 568. Give w(17).
44
Let o(c) = 25*c + 199. Calculate o(13).
524
Let o(w) = -147*w**2 - 2*w - 2. Calculate o(1).
-151
Let b(r) = -14*r**2 + 76*r + 381. Determine b(-4).
-147
Let h(n) = -20*n**2 + 126*n - 39. What is h(6)?
-3
Let g(k) = -3*k + 169. Calculate g(13).
130
Let w(g) = -215*g - 42350. Give w(-197).
5
Let l(u) = -145*u + 36. What is l(2)?
-254
Let t(o) = o**3 - 117*o**2 + 1615*o + 178. What is t(101)?
77
Let z(f) = 2066*f - 2066. Determine z(1).
0
Let j(u) = -861*u - 1729. Determine j(-2).
-7
Let l(w) = 4*w - 208. Calculate l(63).
44
Let l(n) = -20*n**2 + 936*n + 190. Determine l(47).
2
Let f(j) = j**3 - j**2 - 10*j - 21. Give f(-5).
-121
Let p(y) = -y**3 - 10*y**2 - 14*y - 144. Give p(-10).
-4
Let f(u) = 5*u**3 + u**2 + 18*u - 85. Determine f(4).
323
Let z(p) = -497*p - 1993. Calculate z(-4).
-5
Let a(z) = z**3 - 3*z**2 - 11*z + 52. What is a(4)?
24
Let y(k) = -4*k**2 + 54*k + 25. Calculate y(14).
-3
Let v(k) = 112*k - 499. Calculate v(6).
173
Let t(g) = 13*g**2 - 371*g - 42. Give t(29).
132
Let r(g) = g**2 + 63*g - 2993. Give r(-96).
175
Let m(z) = -68*z**2 + 551*z - 72. Determine m(8).
-16
Let a(v) = -v**3 + 3*v**2 + 8*v - 31. Determine a(4).
-15
Let n(d) = -d**3 + 5*d**2 + 10*d - 85. Give n(4).
-29
Let d(a) = -1072*a - 75074. What is d(-70)?
-34
Let n(h) = -418*h - 27585. Determine n(-66).
3
Let w(p) = -61*p**2 + 1220*p - 20. What is w(20)?
-20
Let v(u) = 9*u**2 + 234*u + 18. What is v(-26)?
18
Let u(b) = b**3 - 31*b**2 - 179*b - 35. What is u(36)?
1
Let w(g) = -186*g + 70. Calculate w(-1).
256
Let u(n) = -21*n - 750. What is u(-37)?
27
Let l(p) = -39*p**2 - 373*p - 56. What is l(-9)?
142
Let y(w) = -21*w**2 - 1054*w + 5550. Give y(-55).
-5
Let j(g) = 43*g - 3799. Calculate j(88).
-15
Let x(y) = 5*y**3 - 277*y**2 - 163*y - 265. Determine x(56).
15
Let f(z) = 62*z - 270. Give f(4).
-22
Let t(b) = 23*b + 295. Calculate t(-32).
-441
Let l(u) = -3*u**2 + 14*u + 7. What is l(9)?
-110
Let b(s) = -3*s**3 - 36*s**2 + 20*s + 253. What is b(-12)?
13
Let b(k) = 19*k**2 - 45*k + 130. What is b(3)?
166
Let c(p) = 9*p**2 + 394*p - 4836. Calculate c(10).
4
Let u(v) = -2*v**2 - 123*v - 275. Calculate u(-59).
20
Let f(g) = -g**3 - 12*g**2 - 13*g - 28. What is f(-10)?
-98
Let n(s) = -26*s**2 + 118*s + 40. Determine n(5).
-20
Let t(h) = h**3 + 4*h**2 - 35*h - 57. Give t(-8).
-33
Let n(l) = -l**3 - 11*l**2 - 17*l - 22. What is n(-9)?
-31
Let h(s) = s**3 - 21*s**2 + 87*s + 156. Determine h(14).
2
Let a(x) = x**2 + 217*x - 5. What is a(0)?
-5
Let i(j) = 29*j - 226. Give i(8).
6
Let w(j) = -8*j**2 - 9*j + 50. What is w(4)?
-114
Let l(o) = 489*o - 1948. Give l(4).
8
Let j(u) = -15545*u + 77721. What is j(5)?
-4
Let n(m) = -10*m**3 - 104*m**2 - 26*m + 51. Determine n(-10).
-89
Let t(x) = -x**3 - 50*x**2 - 460*x - 53. Determine t(-12).
-5
Let o(t) = -t**3 + 7*t**2 - 3*t - 5. Determine o(5).
30
Let p(j) = -214*j + 1923. What is p(9)?
-3
Let q(m) = 76*m + 161. Determine q(-2).
9
Let j(p) = -20*p - 493. Give j(-20).
-93
Let a(l) = 2*l**2 + 100*l + 517. What is a(-5)?
67
Let x(r) = 2*r**3 - 13*r**2 - 18*r - 56. Determine x(8).
-8
Let a(k) = 153*k - 1304. Calculate a(8).
-80
Let h(d) = -d**3 + 3*d**2 + 904*d + 2654. What is h(-3)?
-4
Let x(u) = -913*u - 1831. Determine x(-2).
-5
Let k(a) = -2*a**2 + 36*a + 214. Calculate k(-6).
-74
Let u(x) = 7*x**3 + 12*x**2 - 3*x - 2. Determine u(-1).
6
Let m(h) = -110*h**2 + 3*h - 3. What is m(1)?
-110
Let k(g) = 142*g + 15. What is k(-1)?
-127
Let j(w) = 3*w**2 + 110*w + 253. Give j(-34).
-19
Let o(t) = 26*t**3 + 254*t**2 - 57*t + 16. Calculate o(-10).
-14
Let j(n) = -n**3 + 65*n**2 + 3*n - 196. Calculate j(65).
-1
Let n(h) = 2331*h + 23302. Calculate n(-10).
-8
Let k(x) = x**3 - 78*x**2 - 242*x - 20. What is k(81)?
61
Let b(t) = t**3 - 5*t**2 - t + 7. Determine b(1).
2
Let h(y) = 2*y**3 + 9*y**2 - 184*y - 43. Determine h(-12).
5
Let j(u) = 54*u - 36. Calculate j(1).
18
Let m(